hat is the greatest common divisor of 2909616 and 12?
12
Calculate the greatest common factor of 1384 and 34267840.
1384
What is the greatest common factor of 57 and 2603?
19
What is the highest common factor of 390 and 1131195?
195
Calculate the greatest common factor of 4526 and 80008.
146
What is the greatest common divisor of 69383 and 7?
1
What is the greatest common divisor of 115180 and 104?
52
Calculate the highest common divisor of 12852 and 6885.
459
What is the highest common factor of 52576 and 371?
53
Calculate the greatest common factor of 24 and 9544.
8
Calculate the greatest common divisor of 12 and 3804924.
12
Calculate the greatest common factor of 100 and 1025.
25
What is the greatest common factor of 85866 and 48?
6
What is the highest common factor of 654 and 282?
6
What is the highest common divisor of 24 and 47346?
6
What is the highest common divisor of 15075 and 117?
9
Calculate the highest common factor of 32340 and 40.
20
Calculate the greatest common factor of 10 and 7888.
2
What is the greatest common divisor of 161 and 445228?
7
What is the greatest common factor of 612 and 3281?
17
What is the greatest common factor of 44 and 2035462?
22
Calculate the greatest common divisor of 1804039 and 355.
71
What is the highest common divisor of 1 and 54953?
1
Calculate the highest common divisor of 184 and 89884.
92
Calculate the highest common factor of 3660 and 38979.
183
What is the highest common factor of 24101 and 8701?
77
What is the greatest common factor of 4 and 185578?
2
What is the highest common divisor of 190 and 65930?
190
What is the greatest common factor of 418 and 107274?
38
What is the highest common divisor of 1333322 and 379?
379
Calculate the greatest common factor of 1276 and 15428.
116
What is the greatest common divisor of 4291 and 42?
7
What is the greatest common factor of 45201 and 4446?
741
What is the highest common factor of 1491 and 21082740?
1491
Calculate the greatest common factor of 4864 and 32000.
256
Calculate the highest common divisor of 56 and 74116.
28
What is the greatest common factor of 1505 and 34685?
35
What is the highest common divisor of 332 and 1357714?
166
What is the highest common factor of 9799 and 164?
41
What is the greatest common divisor of 135 and 4206465?
135
Calculate the highest common factor of 107217 and 99.
99
Calculate the highest common factor of 81 and 76977.
27
What is the highest common divisor of 390 and 7410?
390
What is the greatest common divisor of 3005 and 275?
5
What is the highest common factor of 73 and 1387?
73
What is the greatest common factor of 896 and 18592?
224
Calculate the highest common divisor of 5168 and 329137.
323
What is the greatest common divisor of 290 and 19198?
58
What is the highest common factor of 52989 and 51?
51
What is the highest common factor of 46 and 6525859?
23
What is the greatest common divisor of 600 and 15624?
24
Calculate the greatest common divisor of 104213 and 985.
197
What is the greatest common factor of 32851 and 273?
91
Calculate the greatest common divisor of 4531 and 2162.
23
Calculate the highest common divisor of 348 and 4644.
12
Calculate the greatest common factor of 621 and 57063.
69
Calculate the highest common divisor of 48 and 922512.
48
Calculate the highest common divisor of 108720 and 10080.
720
What is the highest common divisor of 7201950 and 665?
665
What is the greatest common factor of 107640 and 819?
117
What is the highest common factor of 186604 and 396?
44
What is the highest common factor of 18703 and 24308?
59
Calculate the highest common factor of 73 and 6691983.
73
What is the greatest common factor of 4030 and 4810?
130
What is the highest common divisor of 72706 and 2?
2
What is the highest common factor of 11 and 19151?
11
Calculate the highest common divisor of 120 and 731370.
30
Calculate the greatest common divisor of 315404 and 667.
29
Calculate the highest common factor of 1076 and 67519.
269
Calculate the greatest common factor of 82 and 1763246.
82
What is the highest common factor of 480 and 125472?
96
What is the highest common factor of 165326 and 1862?
98
What is the greatest common divisor of 141 and 163137?
141
What is the highest common divisor of 66955 and 10?
5
Calculate the greatest common divisor of 16113 and 1107.
123
What is the greatest common factor of 7007 and 143?
143
Calculate the highest common factor of 21120 and 2928.
48
Calculate the highest common factor of 87685 and 20.
5
What is the greatest common factor of 18 and 1102176?
18
What is the highest common factor of 31339 and 4144?
259
What is the highest common factor of 2121 and 1239?
21
What is the greatest common factor of 13640 and 27610?
110
Calculate the greatest common divisor of 1042812 and 1660.
332
What is the greatest common factor of 69647 and 14905?
271
Calculate the highest common divisor of 2032 and 81788.
508
Calculate the greatest common factor of 264 and 348744.
264
Calculate the greatest common factor of 228 and 77178.
114
Calculate the greatest common divisor of 4845 and 9291.
57
What is the greatest common factor of 11750 and 82062?
94
Calculate the greatest common factor of 44 and 747076.
44
Calculate the highest common divisor of 254688 and 1344.
672
What is the greatest common divisor of 27 and 63639?
27
Calculate the highest common factor of 16648 and 16.
8
What is the highest common divisor of 320 and 332140?
20
Calculate the greatest common divisor of 20819 and 191.
191
What is the highest common factor of 51547 and 38?
19
Calculate the highest common divisor of 306571 and 51277.
1091
What is the highest common divisor of 218387 and 377?
13
Calculate the greatest common divisor of 562520 and 120.
40
Calculate the greatest common divisor of 176 and 8138.
2
What is the highest common factor of 224356 and 44?
44
What is the greatest common divisor of 222680 and 665?
95
What is the greatest common divisor of 39 and 41483?
13
Calculate the highest common factor of 456 and 2064.
24
What is the highest common divisor of 6786 and 3744?
234
What is the greatest common divisor of 2563 and 176?
11
Calculate the greatest common divisor of 9210 and 95.
5
Calculate the greatest common factor of 1236227 and 4071.
1357
Calculate the greatest common factor of 8090140 and 20.
20
What is the highest common divisor of 130065 and 598?
299
What is the greatest common factor of 1592 and 72?
8
What is the highest common factor of 238648 and 230?
46
What is the greatest common divisor of 413 and 105669?
59
What is the highest common divisor of 801 and 5085?
9
Calculate the greatest common factor of 1849119 and 372.
93
What is the greatest common factor of 25490 and 110?
10
What is the highest common factor of 2947 and 369217?
421
Calculate the greatest common factor of 289 and 969306.
289
Calculate the highest common factor of 1160 and 3886.
58
Calculate the greatest common factor of 446 and 182191.
223
Calculate the highest common factor of 40 and 288380.
20
Calculate the highest common factor of 20 and 10190.
10
Calculate the highest common divisor of 4605 and 164859.
921
What is the highest common divisor of 1908 and 1484?
212
What is the highest common divisor of 130976 and 64?
32
What is the greatest common divisor of 10927 and 21070?
49
What is the greatest common factor of 8265 and 399?
57
What is the greatest common divisor of 96178 and 874?
38
Calculate the greatest common divisor of 255021 and 195.
39
What is the greatest common factor of 373841 and 193?
193
What is the greatest common divisor of 1520 and 3560?
40
Calculate the greatest common divisor of 53 and 14893.
53
Calculate the greatest common factor of 118 and 61596.
118
What is the highest common divisor of 16650 and 750?
150
What is the greatest common factor of 15327 and 6681?
393
What is the greatest common divisor of 30750 and 4182?
246
What is the highest common factor of 704540 and 20?
20
What is the highest common divisor of 4059 and 2871?
99
Calculate the greatest common divisor of 322 and 82754.
322
What is the greatest common factor of 431957 and 922?
461
What is the highest common divisor of 16830 and 2822?
34
Calculate the highest common factor of 35 and 35.
35
What is the greatest common factor of 32163 a